z(7).
-2
Let p(g) = -2*g**3 + 3*g**3 + 1 - 106872*g**2 + 106874*g**2 - 5*g. Let j be (-20)/(6 - 2) + 1. Give p(j).
-11
Let d(m) = -5*m + 2. Let a(g) = -g. Let p(x) = -6*a(x) + d(x). Let j = -511 - -476. Let f be (-108)/(-20) + -6 - (-14)/j. What is p(f)?
1
Let a(y) be the first derivative of -y**3/3 + 25*y**2/2 + 3*y + 1075. Determine a(22).
69
Let a(h) = h**3 - 5*h**2 - 3*h - 5. Let f(v) be the third derivative of 0*v - 1/24*v**4 + 0 - 3*v**2 + 5/2*v**3. Let t be f(9). What is a(t)?
13
Let s be ((-6)/5)/(-2)*-5. Suppose 2 = -8*i + 9*i. Let z(p) = 0*p**2 - 2 + 2*p + p**2 + i*p - 3*p. What is z(s)?
4
Let r(v) = 7*v**2 + 3*v + 3. Let p(y) = -y**2 - 1. Let x be 4 + (1 - 0/(-2)). Suppose -9*q - x = -4*q. Let g(h) = q*r(h) - 6*p(h). What is g(-3)?
3
Let f(i) be the first derivative of 4*i**3 + 3*i - 1337. Give f(1).
15
Let r(n) = -n**3 - 2*n**2 - n. Let u(g) = g**2 - 3*g - 12. Let j = 42 + -47. Let a be 1*-2*(-2)/((-4)/j). Let p be u(a). Calculate r(p).
2
Let y(k) = 2*k**2 + k + 5. Let q = 19 + -15. Let h be y(q). Let i = h + -48. Let n(t) = t**3 + 6*t**2 - 7*t + 3. Give n(i).
3
Let z be 2 - 4/((-24)/54). Let a(v) = -64 + 14 + 11 + 13 + 15 + v. What is a(z)?
0
Let l(w) be the third derivative of 0*w + 32*w**2 + 0 + 1/4*w**4 - 2/3*w**3 + 1/120*w**6 + 3/20*w**5. Give l(-7).
52
Let b(a) = 6*a + 32. Let v = -6590 - -6576. What is b(v)?
-52
Suppose 215*w = 213*w + 38. Suppose -3*i + w = -2*s, -4*s = -3*i + 44 - 21. Let q(u) be the first derivative of 3*u**2/2 + u - 1. What is q(s)?
-5
Let z(u) be the third derivative of -u**5/60 + 11*u**4/24 - 17*u**3/3 - 5*u**2 + 6*u + 8. What is z(5)?
-4
Let z(j) = 3*j**2 - 4 - 3*j**2 + j**2 + j + 0*j**2. Let p(u) = u**3 - 4*u**2 - 2*u. Let f be p(5). Suppose -6*n = -n + f. What is z(n)?
2
Let x(i) = -97*i - 2. Let w be x(-3). Let t = -286 + w. Let z(m) = -m**3 + 4*m**2 - 2*m + 2. Give z(t).
5
Let c(p) = 18*p**2 - 2*p + 1. Let v(a) = a**3 - 2*a**2 + 1. Let h(m) = -m**3 - 8*m**2 - 3*m + 7. Let l be h(-8). Let b = 33 - l. Let q be v(b). Calculate c(q).
17
Suppose 570 - 624 = -9*q. Let n(r) be the second derivative of r**3/2 - 17*r**2/2 + 34*r. What is n(q)?
1
Let u = -9513 - -9518. Let b(t) = 64*t - 310. Calculate b(u).
10
Let c(o) = -o - 2. Let l be c(-2). Let i(y) = l*y + y + 1 - 2*y. Let r = 26531 + -26530. Determine i(r).
0
Let f be ((-3 - 5)/(-1))/(-1). Let c be 10/4*7/((-35)/(-50)). Let u(n) = c*n - 43*n + 19*n + 6. Determine u(f).
-2
Let n(h) = 5*h + 20. Let m(p) = p + 3. Suppose 8*c - 3*c - 10 = 5*s, -7 = 5*s - 4*c. Let t(y) = s*n(y) - 3*m(y). Determine t(-7).
-3
Suppose -67845*p + 624 = -67821*p. Let q(k) be the second derivative of 3/2*k**2 + 1/2*k**3 + 0 + p*k. Determine q(-4).
-9
Let u(k) = 2*k**3 - 4*k**3 - 88 + 82 + 31*k**2 + k**3 - k + 44. Calculate u(31).
7
Let u(t) = -28580*t**2 - 28578*t**2 + 57150*t**2 - 5. Give u(2).
-37
Let d = -267 - -348. Suppose d*x = 87*x + 12. Let z(p) = -p**3 + p**2 - 3*p - 3. Calculate z(x).
15
Let r be (-6)/(-54)*0 + (0 - 4). Let x(o) = o**3 - 2*o**2 - 3*o. Calculate x(r).
-84
Let p(y) = -y + 2. Let r be p(-3). Let u(n) = -n**2 - 2*n + 1. Let o(i) = -7*i**2 - 6*i + 8. Let m = -72 - -66. Let d(g) = m*u(g) + o(g). What is d(r)?
7
Let q(f) = f - 16. Let o = -11 - 4. Let b(u) = u**2 + 10*u + 16. Let l be b(o). Suppose l = 9*d + 10. Determine q(d).
-7
Let w(y) be the first derivative of -2*y**2 - 112*y - 2019. Determine w(-26).
-8
Suppose -h = 3*g + 2 + 5, -2*g = 4*h - 2. Suppose -5*f - h = -2*d - 12, -11 = d - 4*f. Suppose 47*o - 42*o = -d. Let m(w) = 3*w + 1. What is m(o)?
-2
Let t(m) = 7*m**3 + 41*m**2 - 57*m - 81. Let y(s) = 11*s**3 + 62*s**2 - 87*s - 121. Let r(z) = -8*t(z) + 5*y(z). What is r(-19)?
5
Let d(v) = 4*v**3 + 66*v**2 - 47*v + 197. Let s(k) = 5*k**3 + 83*k**2 - 59*k + 247. Let f(w) = 14*d(w) - 11*s(w). Calculate f(-12).
5
Suppose 102*n - 109*n = -70. Let a(c) = -c**2 + 13*c - 12. Calculate a(n).
18
Let b(z) = z**3 - 5. Let r(g) = -1 + 0 + 156*g**2 + 5*g - 151*g**2 - g**3. Let y be r(-1). What is b(y)?
-5
Let n(x) = -x**3 - 5*x**2 + 2*x. Suppose 0 = -3*a + 5*h - 2 - 689, 5*h - 469 = 2*a. Let u be 61/(-11) + a/(-407). Calculate n(u).
-10
Let s(f) be the second derivative of 0 - 1/6*f**3 + 3/2*f**2 - 82*f. Calculate s(0).
3
Let n(i) = i - 5. Let l be n(8). Suppose 3*g = -l*v - 3, 4*g + 6*v = 11*v + 32. Let m(k) = 7*k + 4*k - 9*k + 2*k**2 - k**g + 1. Calculate m(-1).
2
Let m(j) = j**2 - 7*j + 1. Let h = 5 - -9. Let n = 63 - h. Let s = n - 42. Give m(s).
1
Let c = 10226 + -10220. Let x(w) = -8 - w + 2 - 2 + 5*w. Calculate x(c).
16
Suppose 3*k - 3*x - 222 = -2*x, -5*k - x = -370. Let t(a) = -151*a - 1 + 75*a + k*a. What is t(2)?
-5
Suppose -h - 2*h - u + 36 = 0, 4*u + 25 = h. Suppose h*b = 3*b. Let m(z) = 16 - z - 12 + 5 + b*z. What is m(13)?
-4
Suppose 3*g + 3 = x + 2*x, -3*x = 5*g + 29. Let i be -40*(7 + -9)/((-8)/x). Let z be (-274)/i + (-32)/(-240). Let o(u) = u + 3. What is o(z)?
-6
Let d(g) = g**3 - 2. Let m = -12 - -71. Let z = m - 26. Let w = z + -33. Determine d(w).
-2
Let j(v) = 4*v + 2 + 8*v - 11*v. Let a be j(4). Let p(s) = 3 - 169*s**2 - 5*s + 170*s**2 - a. Determine p(4).
-7
Let o(l) = -l**3 - 2*l**2 + 3*l - 16. Suppose -5*p - 6*v = 78, p - 11*v = -9*v + 10. Determine o(p).
110
Let q(h) = -15*h + 3. Let y(l) = 13*l - 2. Let r(n) = -4*q(n) - 5*y(n). Determine r(-2).
8
Suppose 2*i - 6*i + 3*o - 8 = 0, -5*i - 3*o - 10 = 0. Let l be 1 + i/12 - 33/(-198). Let f(t) = t**2 + t. Determine f(l).
2
Let m(c) = 295 + 289 + 297 - 1183 - 11*c + 297. Give m(-9).
94
Let k(m) = 2*m**2 + 13*m + 41. Suppose 22*w + 648 - 224 = -84*w. Give k(w).
21
Let u be (13 - 12)*(-1 - -24). Let p(m) = 1 - u*m - 5 + 22*m + 9. Determine p(-6).
11
Suppose 30*w - 33*w - 3*l = 33, -3*w + 2 = -4*l. Let s(a) be the third derivative of -a**4/12 + 2*a**3 + 2*a**2. Determine s(w).
24
Let u(o) be the second derivative of -6*o**3 - o**2 + 513*o. Determine u(2).
-74
Let b(r) = r**3 - 6*r**2 + 2*r. Suppose 215 = 31*h + 122. Give b(h).
-21
Suppose -z + 15 = 2*j, -4*z + 51 + 19 = 3*j. Suppose 0 = 3*n - z + 10. Let h(d) = -6*d**2 - 5 - 2 - 2 + d**n + 2*d + 4. What is h(6)?
7
Let p(m) = m**3 - 10*m**2 - 24*m + 48. Let a be p(8). Let i = a - -273. Let h(v) = 18*v + 1. Calculate h(i).
19
Let z(u) be the second derivative of 19*u**3/6 + 5*u**2/2 - 93*u + 4. What is z(2)?
43
Let l(y) = -y + 5*y - 127 - 15*y - 16*y + 366. What is l(9)?
-4
Let y(d) = -d**3 - 3*d**2 + 12*d + 10. Suppose 44*n + 102 = -38*n + 65*n. Determine y(n).
46
Let l(o) = o**3 + 20*o**2 + 93*o - 19. Suppose -4*g + 3*t = -499 + 516, -2*t = -g + 2. Determine l(g).
5
Let y(l) = 42*l + 5. Let h(b) = 12*b + 1. Let m(r) = 10*h(r) - 3*y(r). Calculate m(-3).
13
Let u = -68 + 34. Let d = 34 + u. Let t be 1 + (-1 - d - -1). Let x(z) = 7*z**2 - 1. Give x(t).
6
Let q = -69 - 31. Let p = q + 106. Let t(z) = -z + 3*z + p - 6*z + 3*z. Give t(0).
6
Let c = -21022 + 20997. Let x(s) = -s**2 - 23*s + 17. Calculate x(c).
-33
Let q = 51 - 48. Suppose -3*o + 18 - q = 0. Let r(j) = -j**3 - 4*j + 5*j + j + 2*j**3 - 5*j**2 - 5. What is r(o)?
5
Let c(q) = 9*q**3 - 4*q**2 - q + 2. Let k be c(-2). Let h = k - -129. Let s(o) = -6 + 51*o**2 + h*o**2 - 97*o**2 + 4*o. Determine s(5).
-11
Let m(p) = -p**3 - 16*p**2 - 7*p + 8. Let w be m(-14). Let t = -284 - w. Let q(j) = j - 3. Calculate q(t).
-1
Let x(z) = -6*z**3 - 2*z**2 + z. Suppose -67*q - 70*q + 135*q + 2 = 0. Determine x(q).
-7
Suppose 1295*i - 1321*i - 99 = 161. Let c(s) = 5*s + 5. Give c(i).
-45
Let r(g) be the first derivative of -g**2 + 7*g + 15. Let w be (5/15)/((-31)/(-15) + -2). Give r(w).
-3
Let n(x) = 57*x - 1. Let l = -3165 + 3166. Determine n(l).
56
Let c(d) = -12 - 3*d**2 - 9 + 7*d**2 - 16*d - 6*d**2. Let w be c(-6). Suppose 0 = -l - 2*m + 2, -3*l - w = -m - 2*m. Let j(z) = -z**2 - z - 11. Determine j(l).
-11
Let s(b) = -7*b - 3 + 7 - 3 + 10. Let a(x) = -8*x + 11. Let l(w) = 6*a(w) - 7*s(w). Suppose -11*p = -22*p + 77. Calculate l(p).
-4
Let l(m) = -4*m + 4. Let j be 2*(-10)/(-25)*10. Calculate l(j).
-28
Let g(f) = 6*f**2 + 6*f + 5. Suppose -5*p + 3*v = 1, -2*p = -54*v + 49*v - 11. What is g(p)?
17
Let x be (-19 + 15)/((-4)/10). Suppose -35 = -5*o + x*o. Let s = o + 5. Let z(b) = -b**3 - 3*b**2 + b + 2. What is z(s)?
-4
Suppose -3*c = -17 + 8. Suppose 57*z - 60*z - c = 0. Let i(t) = 4*t**3 + t**2 + t.